{"id":126,"date":"2022-05-28T18:42:09","date_gmt":"2022-05-28T16:42:09","guid":{"rendered":"https:\/\/suesse-geschichten.de\/shop\/?page_id=126"},"modified":"2023-01-17T19:02:50","modified_gmt":"2023-01-17T17:02:50","slug":"zahlung-versand","status":"publish","type":"page","link":"https:\/\/suesse-geschichten.de\/shop\/zahlung-versand\/","title":{"rendered":"Zahlung-Versand"},"content":{"rendered":"\n<div class=\"wp-block-columns is-layout-flex wp-container-core-columns-is-layout-28f84493 wp-block-columns-is-layout-flex\">\n<div class=\"wp-block-column is-layout-flow wp-block-column-is-layout-flow\">\n<h2 class=\"wp-block-heading\">Zahlung<\/h2>\n\n\n\n<p>Die Desserts k\u00f6nnen bei der Abholung in bar, mit Debit- oder Kreditkarte mit dem Logo von Visa, V PAY, Mastercard, Maestro, American Express, Discover, Diners Club und Union Pay sowie NFC-Zahlungen \u00fcber Google und Apple Pay, per PayPal oder per \u00dcberweisung bezahlt werden.<\/p>\n<\/div>\n\n\n\n<div class=\"wp-block-column is-layout-flow wp-block-column-is-layout-flow\">\n<h2 class=\"wp-block-heading\">Versand<\/h2>\n\n\n\n<p>Es gibt leider noch keine Lieferm\u00f6glichkeit, daher m\u00fcssen die Bestellungen in meinem Dessert-Atelier abgeholt werden, siehe&nbsp;<a href=\"https:\/\/suesse-geschichten.de\/shop\/kontakt\/\"><span style=\"text-decoration: underline;\">Kontakt<\/span><\/a>.<\/p>\n<\/div>\n<\/div>\n","protected":false},"excerpt":{"rendered":"<p>Zahlung Die Desserts k\u00f6nnen bei der Abholung in bar, mit Debit- oder Kreditkarte mit dem Logo von Visa, V PAY, Mastercard, Maestro, [&hellip;]<\/p>\n","protected":false},"author":1,"featured_media":0,"parent":0,"menu_order":0,"comment_status":"closed","ping_status":"closed","template":"","meta":{"footnotes":""},"class_list":["post-126","page","type-page","status-publish","hentry"],"yoast_head":"<!-- This site is optimized with the Yoast SEO plugin v27.1.1 - https:\/\/yoast.com\/product\/yoast-seo-wordpress\/ -->\n<title>Zahlung-Versand - &quot;S\u00fc\u00dfe Geschichten&quot; - Dessert-Atelier Maria Krau\u00df<\/title>\n<meta name=\"robots\" content=\"index, follow, max-snippet:-1, max-image-preview:large, max-video-preview:-1\" \/>\n<link rel=\"canonical\" href=\"https:\/\/suesse-geschichten.de\/shop\/zahlung-versand\/\" \/>\n<meta property=\"og:locale\" content=\"de_DE\" \/>\n<meta property=\"og:type\" content=\"article\" \/>\n<meta property=\"og:title\" content=\"Zahlung-Versand - &quot;S\u00fc\u00dfe Geschichten&quot; - Dessert-Atelier Maria Krau\u00df\" \/>\n<meta property=\"og:description\" content=\"Zahlung Die Desserts k\u00f6nnen bei der Abholung in bar, mit Debit- oder Kreditkarte mit dem Logo von Visa, V PAY, Mastercard, Maestro, [&hellip;]\" \/>\n<meta property=\"og:url\" content=\"https:\/\/suesse-geschichten.de\/shop\/zahlung-versand\/\" \/>\n<meta property=\"og:site_name\" content=\"&quot;S\u00fc\u00dfe Geschichten&quot; - Dessert-Atelier Maria Krau\u00df\" \/>\n<meta property=\"article:modified_time\" content=\"2023-01-17T17:02:50+00:00\" \/>\n<meta name=\"twitter:card\" content=\"summary_large_image\" \/>\n<meta name=\"twitter:label1\" content=\"Gesch\u00e4tzte Lesezeit\" \/>\n\t<meta name=\"twitter:data1\" content=\"1\u00a0Minute\" \/>\n<script type=\"application\/ld+json\" class=\"yoast-schema-graph\">{\"@context\":\"https:\/\/schema.org\",\"@graph\":[{\"@type\":\"WebPage\",\"@id\":\"https:\/\/suesse-geschichten.de\/shop\/zahlung-versand\/\",\"url\":\"https:\/\/suesse-geschichten.de\/shop\/zahlung-versand\/\",\"name\":\"Zahlung-Versand - &quot;S\u00fc\u00dfe Geschichten&quot; - Dessert-Atelier Maria Krau\u00df\",\"isPartOf\":{\"@id\":\"https:\/\/suesse-geschichten.de\/shop\/#website\"},\"datePublished\":\"2022-05-28T16:42:09+00:00\",\"dateModified\":\"2023-01-17T17:02:50+00:00\",\"breadcrumb\":{\"@id\":\"https:\/\/suesse-geschichten.de\/shop\/zahlung-versand\/#breadcrumb\"},\"inLanguage\":\"de\",\"potentialAction\":[{\"@type\":\"ReadAction\",\"target\":[\"https:\/\/suesse-geschichten.de\/shop\/zahlung-versand\/\"]}]},{\"@type\":\"BreadcrumbList\",\"@id\":\"https:\/\/suesse-geschichten.de\/shop\/zahlung-versand\/#breadcrumb\",\"itemListElement\":[{\"@type\":\"ListItem\",\"position\":1,\"name\":\"Startseite\",\"item\":\"https:\/\/suesse-geschichten.de\/shop\/\"},{\"@type\":\"ListItem\",\"position\":2,\"name\":\"Zahlung-Versand\"}]},{\"@type\":\"WebSite\",\"@id\":\"https:\/\/suesse-geschichten.de\/shop\/#website\",\"url\":\"https:\/\/suesse-geschichten.de\/shop\/\",\"name\":\"&quot;S\u00fc\u00dfe Geschichten&quot; - Dessert-Atelier Maria Krau\u00df\",\"description\":\"Hier biete ich franz\u00f6sische P\u00e2tisserie in Dresden an\",\"publisher\":{\"@id\":\"https:\/\/suesse-geschichten.de\/shop\/#organization\"},\"potentialAction\":[{\"@type\":\"SearchAction\",\"target\":{\"@type\":\"EntryPoint\",\"urlTemplate\":\"https:\/\/suesse-geschichten.de\/shop\/?s={search_term_string}\"},\"query-input\":{\"@type\":\"PropertyValueSpecification\",\"valueRequired\":true,\"valueName\":\"search_term_string\"}}],\"inLanguage\":\"de\"},{\"@type\":\"Organization\",\"@id\":\"https:\/\/suesse-geschichten.de\/shop\/#organization\",\"name\":\"&quot;S\u00fc\u00dfe Geschichten&quot; - Dessert-Atelier Maria Krau\u00df\",\"url\":\"https:\/\/suesse-geschichten.de\/shop\/\",\"logo\":{\"@type\":\"ImageObject\",\"inLanguage\":\"de\",\"@id\":\"https:\/\/suesse-geschichten.de\/shop\/#\/schema\/logo\/image\/\",\"url\":\"https:\/\/i0.wp.com\/suesse-geschichten.de\/shop\/wp-content\/uploads\/2022\/05\/Logo.png?fit=301%2C77&ssl=1\",\"contentUrl\":\"https:\/\/i0.wp.com\/suesse-geschichten.de\/shop\/wp-content\/uploads\/2022\/05\/Logo.png?fit=301%2C77&ssl=1\",\"width\":301,\"height\":77,\"caption\":\"&quot;S\u00fc\u00dfe Geschichten&quot; - Dessert-Atelier Maria Krau\u00df\"},\"image\":{\"@id\":\"https:\/\/suesse-geschichten.de\/shop\/#\/schema\/logo\/image\/\"}}]}<\/script>\n<!-- \/ Yoast SEO plugin. -->","yoast_head_json":{"title":"Zahlung-Versand - &quot;S\u00fc\u00dfe Geschichten&quot; - Dessert-Atelier Maria Krau\u00df","robots":{"index":"index","follow":"follow","max-snippet":"max-snippet:-1","max-image-preview":"max-image-preview:large","max-video-preview":"max-video-preview:-1"},"canonical":"https:\/\/suesse-geschichten.de\/shop\/zahlung-versand\/","og_locale":"de_DE","og_type":"article","og_title":"Zahlung-Versand - &quot;S\u00fc\u00dfe Geschichten&quot; - Dessert-Atelier Maria Krau\u00df","og_description":"Zahlung Die Desserts k\u00f6nnen bei der Abholung in bar, mit Debit- oder Kreditkarte mit dem Logo von Visa, V PAY, Mastercard, Maestro, [&hellip;]","og_url":"https:\/\/suesse-geschichten.de\/shop\/zahlung-versand\/","og_site_name":"&quot;S\u00fc\u00dfe Geschichten&quot; - Dessert-Atelier Maria Krau\u00df","article_modified_time":"2023-01-17T17:02:50+00:00","twitter_card":"summary_large_image","twitter_misc":{"Gesch\u00e4tzte Lesezeit":"1\u00a0Minute"},"schema":{"@context":"https:\/\/schema.org","@graph":[{"@type":"WebPage","@id":"https:\/\/suesse-geschichten.de\/shop\/zahlung-versand\/","url":"https:\/\/suesse-geschichten.de\/shop\/zahlung-versand\/","name":"Zahlung-Versand - &quot;S\u00fc\u00dfe Geschichten&quot; - Dessert-Atelier Maria Krau\u00df","isPartOf":{"@id":"https:\/\/suesse-geschichten.de\/shop\/#website"},"datePublished":"2022-05-28T16:42:09+00:00","dateModified":"2023-01-17T17:02:50+00:00","breadcrumb":{"@id":"https:\/\/suesse-geschichten.de\/shop\/zahlung-versand\/#breadcrumb"},"inLanguage":"de","potentialAction":[{"@type":"ReadAction","target":["https:\/\/suesse-geschichten.de\/shop\/zahlung-versand\/"]}]},{"@type":"BreadcrumbList","@id":"https:\/\/suesse-geschichten.de\/shop\/zahlung-versand\/#breadcrumb","itemListElement":[{"@type":"ListItem","position":1,"name":"Startseite","item":"https:\/\/suesse-geschichten.de\/shop\/"},{"@type":"ListItem","position":2,"name":"Zahlung-Versand"}]},{"@type":"WebSite","@id":"https:\/\/suesse-geschichten.de\/shop\/#website","url":"https:\/\/suesse-geschichten.de\/shop\/","name":"&quot;S\u00fc\u00dfe Geschichten&quot; - Dessert-Atelier Maria Krau\u00df","description":"Hier biete ich franz\u00f6sische P\u00e2tisserie in Dresden an","publisher":{"@id":"https:\/\/suesse-geschichten.de\/shop\/#organization"},"potentialAction":[{"@type":"SearchAction","target":{"@type":"EntryPoint","urlTemplate":"https:\/\/suesse-geschichten.de\/shop\/?s={search_term_string}"},"query-input":{"@type":"PropertyValueSpecification","valueRequired":true,"valueName":"search_term_string"}}],"inLanguage":"de"},{"@type":"Organization","@id":"https:\/\/suesse-geschichten.de\/shop\/#organization","name":"&quot;S\u00fc\u00dfe Geschichten&quot; - Dessert-Atelier Maria Krau\u00df","url":"https:\/\/suesse-geschichten.de\/shop\/","logo":{"@type":"ImageObject","inLanguage":"de","@id":"https:\/\/suesse-geschichten.de\/shop\/#\/schema\/logo\/image\/","url":"https:\/\/i0.wp.com\/suesse-geschichten.de\/shop\/wp-content\/uploads\/2022\/05\/Logo.png?fit=301%2C77&ssl=1","contentUrl":"https:\/\/i0.wp.com\/suesse-geschichten.de\/shop\/wp-content\/uploads\/2022\/05\/Logo.png?fit=301%2C77&ssl=1","width":301,"height":77,"caption":"&quot;S\u00fc\u00dfe Geschichten&quot; - Dessert-Atelier Maria Krau\u00df"},"image":{"@id":"https:\/\/suesse-geschichten.de\/shop\/#\/schema\/logo\/image\/"}}]}},"jetpack-related-posts":[{"id":16,"url":"https:\/\/suesse-geschichten.de\/shop\/agb\/","url_meta":{"origin":126,"position":0},"title":"AGB","author":"admin","date":"26. Mai 2022","format":false,"excerpt":"Allgemeine Gesch\u00e4ftsbedingungen 1. Geltungsbereich F\u00fcr alle Bestellungen und Kurs-Anmeldungen im Webshop von Maria Krau\u00df Dessert-Atelier \"S\u00fc\u00dfe Geschichten\" (nachfolgend genannt Shop) an Verbraucher gelten diese Allgemeinen Gesch\u00e4ftsbedingungen (AGB). Verbraucher ist jede nat\u00fcrliche Person, die ein Rechtsgesch\u00e4ft zu einem Zwecke abschlie\u00dft, der \u00fcberwiegend weder ihrer gewerblichen noch ihrer selbstst\u00e4ndigen beruflichen T\u00e4tigkeit zugerechnet\u2026","rel":"","context":"\u00c4hnlicher Beitrag","block_context":{"text":"\u00c4hnlicher Beitrag","link":""},"img":{"alt_text":"","src":"","width":0,"height":0},"classes":[]},{"id":184,"url":"https:\/\/suesse-geschichten.de\/shop\/haltbarkeit-transport\/","url_meta":{"origin":126,"position":1},"title":"Haltbarkeit &#038; Transport","author":"admin","date":"28. Mai 2022","format":false,"excerpt":"Meine Desserts werden per Hand aus nat\u00fcrlichen und sorgf\u00e4ltig ausgesuchten Zutaten hergestellt. Um eine optimale Qualit\u00e4t genie\u00dfen zu k\u00f6nnen, da einige Zutaten leicht verderblich sind (Milch, Eier, Sahne), ist eine durchgehende K\u00fchlung besonders wichtig! Vor allem in den w\u00e4rmeren Monaten empfiehlt es sich, Desserts in einer Isolierbox nach Hause zu\u2026","rel":"","context":"\u00c4hnlicher Beitrag","block_context":{"text":"\u00c4hnlicher Beitrag","link":""},"img":{"alt_text":"","src":"","width":0,"height":0},"classes":[]},{"id":123,"url":"https:\/\/suesse-geschichten.de\/shop\/kontakt\/","url_meta":{"origin":126,"position":2},"title":"Kontakt","author":"admin","date":"28. Mai 2022","format":false,"excerpt":"Gerne nehme ich auch Bestellungen und Anfragen per Telefon \/ Whatsapp \/ Instagram oder Mail an:Handy: +49 (0) 151 \/ 46 129 410Mail: info@suesse-geschichten.deInstagram:\u00a0https:\/\/www.instagram.com\/pastry_jazz\/ Wegbeschreibung Meine Desserts stelle ich hier her:Trachenberger Str. 2901129 Dresden Ein Bild meines Laden von der Er\u00f6ffnung in 2022.","rel":"","context":"\u00c4hnlicher Beitrag","block_context":{"text":"\u00c4hnlicher Beitrag","link":""},"img":{"alt_text":"","src":"https:\/\/i0.wp.com\/suesse-geschichten.de\/shop\/wp-content\/uploads\/2023\/10\/Konditorei.jpeg?resize=350%2C200&ssl=1","width":350,"height":200,"srcset":"https:\/\/i0.wp.com\/suesse-geschichten.de\/shop\/wp-content\/uploads\/2023\/10\/Konditorei.jpeg?resize=350%2C200&ssl=1 1x, https:\/\/i0.wp.com\/suesse-geschichten.de\/shop\/wp-content\/uploads\/2023\/10\/Konditorei.jpeg?resize=525%2C300&ssl=1 1.5x, https:\/\/i0.wp.com\/suesse-geschichten.de\/shop\/wp-content\/uploads\/2023\/10\/Konditorei.jpeg?resize=700%2C400&ssl=1 2x"},"classes":[]},{"id":67,"url":"https:\/\/suesse-geschichten.de\/shop\/","url_meta":{"origin":126,"position":3},"title":"Franz\u00ad\u00f6sische Back\u00adkunst aus Dresden","author":"admin","date":"27. Mai 2022","format":false,"excerpt":"Unser Angebot zu Ostern Endlich kann man wieder auf die Suche gehen, nach unseren leckeren Eier-T\u00f6rtchen.Und ab 26.03.2026 gibt es bei uns im Ladenverkauf Ostereier-Macarons in den Sorten Sanddorn, Cranberry, Carrot Cake, Vanille\/Maracuja, Honigkuchen und Schoko-Cheesecake. Neue Kurse verf\u00fcgbar Nach unserem ersten erfolgreichen Macaron-Kurs findet der n\u00e4chste im April statt!\u2026","rel":"","context":"\u00c4hnlicher Beitrag","block_context":{"text":"\u00c4hnlicher Beitrag","link":""},"img":{"alt_text":"","src":"https:\/\/i0.wp.com\/suesse-geschichten.de\/shop\/wp-content\/uploads\/2026\/03\/Ostereier-Macarons.jpg?resize=350%2C200&ssl=1","width":350,"height":200,"srcset":"https:\/\/i0.wp.com\/suesse-geschichten.de\/shop\/wp-content\/uploads\/2026\/03\/Ostereier-Macarons.jpg?resize=350%2C200&ssl=1 1x, https:\/\/i0.wp.com\/suesse-geschichten.de\/shop\/wp-content\/uploads\/2026\/03\/Ostereier-Macarons.jpg?resize=525%2C300&ssl=1 1.5x, https:\/\/i0.wp.com\/suesse-geschichten.de\/shop\/wp-content\/uploads\/2026\/03\/Ostereier-Macarons.jpg?resize=700%2C400&ssl=1 2x"},"classes":[]},{"id":118,"url":"https:\/\/suesse-geschichten.de\/shop\/meine-geschichte\/","url_meta":{"origin":126,"position":4},"title":"Meine Geschichte","author":"admin","date":"28. Mai 2022","format":false,"excerpt":"Vor 25 Jahren kam ich, junge russische Historikerin, der Liebe wegen nach Dresden, in der Hoffnung, hier weiter meine Forschungen auf dem Gebiet des franz\u00f6sischen Mittelalters fortzusetzen. Leider stellte sich heraus, dass franz\u00f6sische Geschichte hier kaum jemanden interessierte ... Da habe ich mich entschieden, was ganz Anderes anzufangen, studierte Wirtschaftsinformatik\u2026","rel":"","context":"\u00c4hnlicher Beitrag","block_context":{"text":"\u00c4hnlicher Beitrag","link":""},"img":{"alt_text":"","src":"https:\/\/i0.wp.com\/suesse-geschichten.de\/shop\/wp-content\/uploads\/2022\/05\/Maria-Krauss.jpg?resize=350%2C200&ssl=1","width":350,"height":200,"srcset":"https:\/\/i0.wp.com\/suesse-geschichten.de\/shop\/wp-content\/uploads\/2022\/05\/Maria-Krauss.jpg?resize=350%2C200&ssl=1 1x, https:\/\/i0.wp.com\/suesse-geschichten.de\/shop\/wp-content\/uploads\/2022\/05\/Maria-Krauss.jpg?resize=525%2C300&ssl=1 1.5x, https:\/\/i0.wp.com\/suesse-geschichten.de\/shop\/wp-content\/uploads\/2022\/05\/Maria-Krauss.jpg?resize=700%2C400&ssl=1 2x"},"classes":[]},{"id":18,"url":"https:\/\/suesse-geschichten.de\/shop\/versandarten\/","url_meta":{"origin":126,"position":5},"title":"Versandarten","author":"admin","date":"26. Mai 2022","format":false,"excerpt":"","rel":"","context":"\u00c4hnlicher Beitrag","block_context":{"text":"\u00c4hnlicher Beitrag","link":""},"img":{"alt_text":"","src":"","width":0,"height":0},"classes":[]}],"jetpack_sharing_enabled":true,"_links":{"self":[{"href":"https:\/\/suesse-geschichten.de\/shop\/wp-json\/wp\/v2\/pages\/126","targetHints":{"allow":["GET"]}}],"collection":[{"href":"https:\/\/suesse-geschichten.de\/shop\/wp-json\/wp\/v2\/pages"}],"about":[{"href":"https:\/\/suesse-geschichten.de\/shop\/wp-json\/wp\/v2\/types\/page"}],"author":[{"embeddable":true,"href":"https:\/\/suesse-geschichten.de\/shop\/wp-json\/wp\/v2\/users\/1"}],"replies":[{"embeddable":true,"href":"https:\/\/suesse-geschichten.de\/shop\/wp-json\/wp\/v2\/comments?post=126"}],"version-history":[{"count":4,"href":"https:\/\/suesse-geschichten.de\/shop\/wp-json\/wp\/v2\/pages\/126\/revisions"}],"predecessor-version":[{"id":1191,"href":"https:\/\/suesse-geschichten.de\/shop\/wp-json\/wp\/v2\/pages\/126\/revisions\/1191"}],"wp:attachment":[{"href":"https:\/\/suesse-geschichten.de\/shop\/wp-json\/wp\/v2\/media?parent=126"}],"curies":[{"name":"wp","href":"https:\/\/api.w.org\/{rel}","templated":true}]}}